
-21132
What is -11014 (base 9) in base 7?
-30202
-106553 (base 8) to base 7
-210356
Convert 10120 (base 4) to base 7.
550
Convert 12b (base 15) to base 6.
1122
-5436 (base 8) to base 12
-1792
What is 4758 (base 9) in base 10?
3536
22566 (base 8) to base 6
112222
2305 (base 6) to base 14
2ad
Convert -2112210 (base 3) to base 14.
-969
What is -38bc (base 14) in base 4?
-2123232
-94 (base 12) to base 7
-220
What is -33233 (base 6) in base 3?
-20100110
What is 32b (base 15) in base 16?
2cc
What is -12220 (base 4) in base 14?
-224
Convert -12120120 (base 3) to base 14.
-16a5
-1103231 (base 5) to base 16
-4af7
1121 (base 7) to base 12
29b
Convert -110111 (base 3) to base 10.
-337
1505 (base 6) to base 14
209
2519 (base 16) to base 6
111545
18a (base 12) to base 14
13c
What is -221120 (base 3) in base 5?
-10230
What is 154412 (base 7) in base 3?
1112200112
What is -621 (base 10) in base 11?
-515
-1247 (base 12) to base 13
-c34
Convert -15238 (base 9) to base 14.
-3b11
Convert 2312 (base 4) to base 8.
266
11222120 (base 3) to base 4
320301
Convert -b310 (base 12) to base 10.
-19452
What is 255 (base 12) in base 5?
2403
55122 (base 6) to base 10
7610
Convert 10012212 (base 3) to base 4.
210221
Convert 11202 (base 4) to base 16.
162
1a58 (base 12) to base 6
22552
43932 (base 10) to base 7
242040
-7216 (base 12) to base 7
-51105
-11540 (base 6) to base 10
-1716
10110101001000 (base 2) to base 6
125400
Convert 8265 (base 14) to base 4.
11132201
726 (base 15) to base 12
b23
-a363 (base 11) to base 10
-13742
-100100010 (base 2) to base 7
-563
Convert -8234 (base 9) to base 13.
-2986
What is 1709 (base 10) in base 9?
2308
What is 620 (base 12) in base 4?
31320
Convert 10000011100 (base 2) to base 12.
738
Convert -11680 (base 11) to base 3.
-212000201
Convert 1102102 (base 3) to base 4.
100031
What is 20001 (base 8) in base 4?
2000001
Convert 1174 (base 8) to base 6.
2540
What is -111301 (base 4) in base 8?
-2561
Convert 93c (base 16) to base 10.
2364
Convert -101104 (base 5) to base 14.
-12a3
Convert -2019a (base 11) to base 4.
-13031020
What is -3466 (base 12) in base 3?
-22000020
What is 572 (base 11) in base 6?
3100
-5417 (base 13) to base 12
-6915
1321131 (base 5) to base 6
322144
What is 25333 (base 6) in base 9?
5183
53436 (base 8) to base 3
1010121000
What is 10011110110 (base 2) in base 16?
4f6
-775 (base 9) to base 2
-1001111011
11100110000001 (base 2) to base 6
152053
Convert 211 (base 11) to base 3.
100102
Convert -115627 (base 9) to base 7.
-410254
What is 1ce (base 15) in base 2?
110100011
10011000000 (base 2) to base 6
5344
What is -11322 (base 4) in base 5?
-3003
Convert -4c13 (base 15) to base 16.
-3f5a
What is 230354 (base 7) in base 15?
c238
Convert 2241410 (base 5) to base 3.
2001012000
Convert -3448 (base 15) to base 6.
-123205
Convert -99c9 (base 13) to base 7.
-116364
Convert -5ba7 (base 14) to base 5.
-1003043
3bb (base 12) to base 10
575
What is 425340 (base 6) in base 5?
2104113
What is 201211 (base 3) in base 14?
2a3
What is -11010000010010 (base 2) in base 7?
-53602
1538 (base 13) to base 8
6021
Convert 1301 (base 10) to base 16.
515
-1011 (base 10) to base 13
-5ca
What is -4cb7 (base 13) in base 7?
-43654
What is 20210 (base 4) in base 6?
2312
-b209 (base 13) to base 9
-36557
1162 (base 8) to base 6
2522
-1230 (base 8) to base 12
-474
Convert -ab6 (base 14) to base 13.
-c71
Convert 11967 (base 10) to base 13.
55a7
Convert -184 (base 16) to base 7.
-1063
274 (base 9) to base 12
171
Convert 2446 (base 10) to base 14.
c6a
What is -11ab3 (base 16) in base 10?
-72371
Convert -40314 (base 5) to base 2.
-101000011000
What is -1323 (base 11) in base 4?
-122313
220103 (base 4) to base 8
5023
-2101 (base 3) to base 4
-1000
122220 (base 4) to base 3
2100010
Convert -2321032 (base 4) to base 3.
-121021001
Convert -443 (base 9) to base 13.
-21c
66b (base 16) to base 12
b4b
What is -1000111111 (base 2) in base 5?
-4300
What is 1121 (base 12) in base 3?
2121021
What is 3330 (base 7) in base 13?
711
Convert 155 (base 15) to base 2.
100110001
-15299 (base 10) to base 16
-3bc3
-c22 (base 14) to base 10
-2382
What is -393 (base 13) in base 2?
-1001110011
Convert 10011112 (base 3) to base 2.
100100000101
What is -1021202120 (base 3) in base 9?
-37676
What is -402 (base 14) in base 8?
-1422
30233 (base 5) to base 6
12555
115230 (base 6) to base 5
311432
11000000000 (base 2) to base 5
22121
What is 5321 (base 8) in base 5?
42034
Convert 666 (base 12) to base 10.
942
What is -2102221 (base 3) in base 13?
-a6c
Convert -5163 (base 15) to base 5.
-1022233
-10101111000111 (base 2) to base 7
-44450
-7bc4 (base 16) to base 6
-402404
Convert 110 (base 6) to base 5.
132
What is 4170 (base 8) in base 10?
2168
2063 (base 9) to base 10
1515
What is 100100100 (base 2) in base 4?
10210
Convert 261b (base 12) to base 2.
1000011110111
-67a (base 12) to base 16
-3be
What is -3102 (base 9) in base 13?
-1058
Convert -1bc0 (base 13) to base 3.
-12210000
Convert -5702 (base 10) to base 5.
-140302
4010 (base 6) to base 13
51c
-79b (base 14) to base 15
-6a9
What is -6617 (base 11) in base 3?
-102222100
Convert 200100 (base 3) to base 14.
275
What is -4882 (base 14) in base 4?
-3011302
Convert 1230030 (base 4) to base 6.
52020
Convert -1001011 (base 2) to base 5.
-300
Convert -427 (base 11) to base 5.
-4023
3363 (base 7) to base 15
566
What is 2110 (base 8) in base 9?
1447
-14522 (base 6) to base 11
-1850
What is -2a8 (base 11) in base 14?
-1ba
What is 55162 (base 8) in base 12?
11496
Convert 22323001 (base 4) to base 11.
30680
-94 (base 13) to base 8
-171
What is 711 (base 10) in base 4?
23013
Convert 405 (base 12) to base 14.
2d7
Convert 5839 (base 12) to base 5.
303322
1212 (base 3) to base 9
55
What is -21471 (base 12) in base 4?
-22231111
Convert 20ff (base 16) to base 11.
638a
Convert 30444 (base 7) to base 8.
16407
Convert 1122142 (base 5) to base 13.
9314
Convert 10111100 (base 2) to base 10.
188
-b29c (base 13) to base 16
-603a
-22041 (base 6) to base 15
-d84
-139 (base 10) to base 14
-9d
What is 19382 (base 10) in base 3?
222120212
-101101111 (base 2) to base 12
-267
Convert -1221112212 (base 3) to base 15.
-b53e
What is 32313 (base 4) in base 13?
582
5151 (base 9) to base 16
ebc
Convert 21127 (base 8) to base 15.
2911
Convert 193 (base 14) to base 9.
401
What is 1acc (base 13) in base 16?
fd7
What is 4281 (base 11) in base 6?
42103
-11020 (base 10) to base 4
-2230030
-19520 (base 11) to base 7
-142303
122302 (base 5) to base 14
19dc
What is 3a8 (base 15) in base 7?
2300
Convert -10022122 (base 3) to base 16.
-974
Convert 581 (base 12) to base 13.
4ab
-362a (base 13) to base 9
-11430
11101110 (base 2) to base 11
1a7
15442 (base 9) to base 16
2948
1121 (base 6) to base 12
1a1
What is 110212022 (base 3) in base 16?
24a1
What is 11141 (base 5) in base 7?
2215
Convert -24204 (base 9) to base 16.
-3f4c
What is 1110010001101 (base 2) in base 7?
30211
-338 (base 10) to base 8
-522
Convert -c334 (base 14) to base 10.
-33562
-22021 (base 4) to base 15
-2d4
101101101100 (base 2) to base 6
21312
What is -2022210202 (base 3) in base 9?
-68722
What is 1015 (base 8) in base 3?
201110
Convert -99 (base 12) to base 11.
-a7
What is 2569 (base 11) in base 9?
4523
Convert -141 (base 7) to base 12.
-66
Convert -4657 (base 8) to base 9.
-3354
Convert -404005 (base 7) to base 11.
-475a9
What is 586 (base 12) in base 6?
3450
What is -6bc (base 14) in base 3?
-1211201
Convert 1112022211 (base 3) to base 4.
13112233
Convert -14160 (base 8) to base 16.
-1870
What is 7a9 (base 14) in base 11?
1163
What is ea (base 16) in base 2?
11101010
What is 5526 (base 8) in base 4?
231112
Convert 220 (base 12) to base 2.
100111000
Convert -130210 (base 4) to base 11.
-1412
-11544 (base 6) to base 7
-5005
What is -378 (base 15) in base 2?
-1100010100
Convert 17a4 (base 11) to base 10.
2292
-25033 (base 7) to base 16
-198d
Convert -298 (base 12) to base 7.
-1115
Convert b11 (base 13) to base 12.
1101
Convert -70753 (base 8) to base 9.
-44003
What is 210 (base 9) in base 15?
b6
What is cb5 (base 15) in base 14?
1090
1191 (base 11) to base 7
4345
What is 1131 (base 8) in base 7?
1516
What is -23a19 (base 12) in base 16?
-bbf5
What is 16a1 (base 13) in base 7?
12513
Convert -553 (base 8) to base 9.
-443